{"id":18451,"date":"2026-09-03T08:02:32","date_gmt":"2026-09-03T06:02:32","guid":{"rendered":"https:\/\/stephaneschweitzer.be\/propriete\/victor\/"},"modified":"2026-09-03T08:02:32","modified_gmt":"2026-09-03T06:02:32","slug":"victor","status":"publish","type":"estate","link":"https:\/\/stephaneschweitzer.be\/fr\/propriete\/victor\/","title":{"rendered":"Victor"},"content":{"rendered":"<p><em>Uccle, une maison familiale pr\u00eate \u00e0 vivre <\/em><em> <br \/><\/em><em>Situ\u00e9e \u00e0 deux pas du commer\u00e7ant parvis Saint-Pierre et de la place communale, la maison en bon \u00e9tat g\u00e9n\u00e9ral se compose de : <\/em><em>Au demi sous- sol en entrant, le bureau, une pi\u00e8ce de rangement avec caves, la buanderie et une terrasse avec acc\u00e8s au jardin. <\/em><em>A l\u2019entre &#8211; sol, le salon, la salle \u00e0 manger et la cuisine sur l\u2019arri\u00e8re ainsi qu\u2019une toilette invit\u00e9.<\/em><em>Au 1 er \u00e9tage, la premi\u00e8re chambre ainsi que la salle de bain et douche avec double vasque et toilette. Au 2\u00e8me et 3 -\u00e8me \u00e9tage, trois autres chambres de belle taille. <\/em><em>Sur l\u2019arri\u00e8re un joli jardin de ville orient\u00e9 au Sud-Est.<\/em> <em>Prise de contact et rendez-vous au 0475\/94 99 80 ou par email aupr\u00e8s de stephane@stephaneschweitzer.be<\/em><em> <\/em><em>Informations donn\u00e9es \u00e0 titre informatif et non contractuelles.<\/em><\/p>\n","protected":false},"featured_media":0,"template":"","pays":[13],"class_list":["post-18451","estate","type-estate","status-publish","hentry","pays-belgique"],"acf":[],"_links":{"self":[{"href":"https:\/\/stephaneschweitzer.be\/fr\/wp-json\/wp\/v2\/estate\/18451","targetHints":{"allow":["GET"]}}],"collection":[{"href":"https:\/\/stephaneschweitzer.be\/fr\/wp-json\/wp\/v2\/estate"}],"about":[{"href":"https:\/\/stephaneschweitzer.be\/fr\/wp-json\/wp\/v2\/types\/estate"}],"wp:attachment":[{"href":"https:\/\/stephaneschweitzer.be\/fr\/wp-json\/wp\/v2\/media?parent=18451"}],"wp:term":[{"taxonomy":"pays","embeddable":true,"href":"https:\/\/stephaneschweitzer.be\/fr\/wp-json\/wp\/v2\/pays?post=18451"}],"curies":[{"name":"wp","href":"https:\/\/api.w.org\/{rel}","templated":true}]}}

<p><em>Uccle, une maison familiale prête à vivre </em><em> <br /></em><em>Située à deux pas du commerçant parvis Saint-Pierre et de la place communale, la maison en bon état général se compose de : </em><em>Au demi sous- sol en entrant, le bureau, une pièce de rangement avec caves, la buanderie et une terrasse avec accès au jardin. </em><em>A l’entre &#8211; sol, le salon, la salle à manger et la cuisine sur l’arrière ainsi qu’une toilette invité.</em><em>Au 1 er étage, la première chambre ainsi que la salle de bain et douche avec double vasque et toilette. Au 2ème et 3 -ème étage, trois autres chambres de belle taille. </em><em>Sur l’arrière un joli jardin de ville orienté au Sud-Est.</em> <em>Prise de contact et rendez-vous au 0475/94 99 80 ou par email auprès de stephane@stephaneschweitzer.be</em><em> </em><em>Informations données à titre informatif et non contractuelles.</em></p>
